se 40*w + 592093 = -40*w + 20378813. Is w a prime number?
False
Suppose -4*y = -2 - 230. Let l be y - 180/(-18)*2/5. Suppose -11*r - l = -469. Is r composite?
False
Suppose 138*n - 430*n + 14030483 = -8048513. Is n composite?
True
Suppose -98*p = -99*p + 4. Suppose 2*s = -p, -106037 + 1472 = -5*u + 5*s. Is u a prime number?
False
Let n = 106715 + -6438. Is n a composite number?
True
Suppose -88 = -13*u + 185. Suppose 3*b + 5*i + 13 = -6, -2*b - u = 5*i. Let d(o) = 623*o**2 + 2*o + 1. Is d(b) prime?
False
Suppose 5*o + 22345 = 5*x, x + 6*o - 4*o = 4484. Let f = x - 1031. Is f prime?
False
Suppose -7*x = -34 - 1. Suppose x*c - 1359 = -t, -6 = 4*c - 2. Is t + (-3)/(-9)*9 composite?
False
Suppose -9*k + 616 = -7*k. Suppose p = 4*s + 3*p + 464, 5*s + 2*p + 581 = 0. Let d = k + s. Is d a prime number?
True
Suppose 62*x = 940974 + 48651772. Is x a prime number?
False
Suppose -v + 2560331 = 5*g, -2048248 = -37*g + 33*g - 5*v. Is g composite?
True
Let j(s) = 6*s**2 - 4*s + 145. Let k be j(38). Suppose w - 5*q = 4*w - k, -q = 2*w - 5762. Is w a prime number?
True
Suppose -9 = -6*a + 3*a. Suppose -u - 6 = -a. Let d(n) = 89*n**2 - 4*n - 4. Is d(u) prime?
True
Let k(g) be the third derivative of g**6/120 - g**5/60 - g**4/12 + 377*g**3/6 + 13*g**2 - g. Is k(0) a composite number?
True
Suppose 0 = -5*n + 5, 5*i + n + 1 - 17 = 0. Suppose -i*u = u - 12, -3*u - 26 = -5*a. Suppose -13*r + 15702 = -a*r. Is r a composite number?
False
Suppose -5*d + 8 = 4*q, 0 = -q - 5*d + 12 + 5. Let y be q/((-7)/(-5) - 2). Suppose 37 = z - y*t, -z - z = 5*t - 134. Is z prime?
False
Let p be (3/(-6))/(1/(2 + -15714)). Suppose 20*y = 12*y + p. Is y composite?
True
Let y = 197 - 191. Suppose u = y*u - 14645. Is u prime?
False
Suppose -3*u + 383 = u - m, 2*m = 4*u - 382. Let c = u - 76. Is 2 - (c/5 - 1371) prime?
False
Let i(f) = -868*f + 113. Let s(h) = -h - 3. Let c(t) = i(t) + 2*s(t). Is c(-11) composite?
False
Let g be 195/30*(-4 - -134). Suppose 5*w + 2511 = 3*f + 8*w, -f = -w - g. Is f a composite number?
True
Suppose -168 + 33 = 9*j. Is 6/j - (-174462)/30 a composite number?
True
Let q(s) = -56*s**3 + 12*s**2 + 19*s - 2. Is q(-7) prime?
True
Suppose -174*p = -175*p + 6. Is (-9)/p - (1 + 28166/(-4)) prime?
True
Let z be 424170/42 + (-4 - 26/(-7)). Suppose 5*g + w = 16823, 3*g + 0*g = 2*w + z. Is g a prime number?
False
Let q(p) = 60*p**2 + 69*p - 802. Is q(37) prime?
True
Suppose -s - 4*c = -71159, 5*c - 57186 - 227406 = -4*s. Is s composite?
False
Let v(m) = 32*m - 6. Let s be v(-2). Let c = -61 - s. Is c/3*573/9 a composite number?
False
Suppose 3 = h + 2. Let n be (30/(-126) - (-12)/21) + (-310)/(-15). Is 6720/n + (h/1 - 4) prime?
True
Let l = 598575 + 968538. Is l composite?
True
Is (10/4)/(9/73314) composite?
True
Let t(k) = 23*k - 5. Let v be t(3). Suppose v = 10*y - 246. Is y prime?
True
Let u(w) = 6*w**2 + w + 3. Let m be (-4)/(-14) + (-476)/(-49). Suppose m*j = 6*j + 16. Is u(j) composite?
False
Is ((-191298)/(-10))/(486/810) prime?
True
Let p = -137 - -33. Let w = 108 + p. Suppose -2*f - 1883 = -5*f - 2*m, -4*f - w*m = -2504. Is f a prime number?
True
Suppose -716*f + 745*f - 4934089 = 0. Is f composite?
False
Let b(l) = 46*l**2 + 73*l - 142. Is b(81) prime?
True
Let x = -32 - -40. Suppose 0 = -3*k + x*k - 2765. Suppose -4*g + k = 77. Is g a composite number?
True
Suppose 70*i = 399181 + 75349. Is i a composite number?
False
Let b(g) = 3*g**2 - 2*g + 1. Let w be b(2). Suppose 12*k = w*k + 6. Is k composite?
False
Let n(b) = 5525*b**2 + 9*b - 20. Let g be n(6). Let m be (-1 - g)*(-18)/(-45). Is m/(-154) + 2/7 prime?
False
Let l(x) = -123*x**3 + x**2 - x + 1. Let b be l(1). Let g = -3 - b. Suppose 120*a - 2041 = g*a. Is a a composite number?
True
Suppose -a + 3 = 0, 11 = d + 4*a - 9. Suppose -6*t = -d*t. Suppose -s = -4*r + 4563, t = -6*r + 3*r + 2*s + 3421. Is r a prime number?
False
Let j(x) = 47*x - 30. Let n(w) be the second derivative of 8*w**3 - 29*w**2/2 - 16*w. Let h(c) = -4*j(c) + 5*n(c). Is h(8) prime?
False
Let o(i) = -i**2 - 3*i + 10. Let h be o(-5). Suppose -2*q + h*q = 20. Let w = 79 + q. Is w prime?
False
Suppose -49*q + 551498 + 65592 = -111687. Is q composite?
True
Let r be -5*(7 + (-231)/35). Let q(y) = -1 - 91*y - 17*y - 22*y. Is q(r) composite?
True
Let f = -26 - -32. Suppose -t - f*m + 19161 = -4*m, 2*m + 95865 = 5*t. Is t prime?
False
Suppose 0 = d - 2*a - 464 + 28, -3*d = 2*a - 1300. Suppose -22*j + 19*j - d = -2*y, 5*y + 5*j - 1135 = 0. Is y a composite number?
False
Suppose -5*t - 213 = -38. Let i = 38 + t. Suppose i*c - 2*q - 135 = 0, -q = 3*q + 12. Is c prime?
True
Suppose -3*f - 1704 + 1719 = 0. Let p = -63 - -239. Suppose p = u + f*b - 57, -b - 510 = -2*u. Is u composite?
True
Suppose -u = -3*v - 94786 - 66713, -3*v - 6 = 0. Is u prime?
False
Suppose c - 2 = g - 3, -14 = -c - 4*g. Suppose 0 = -2*n - c*n + 248. Suppose 3*o - n = o + 2*t, 0 = -4*o - 3*t + 152. Is o a composite number?
True
Suppose 1026*o - 1031*o - 1977555 = -5*t, 0 = -5*t + 3*o + 1977547. Is t a composite number?
True
Suppose -33*j - 12947 + 62777 = 0. Let r = -324 + j. Is r a prime number?
False
Let a = -13 - -15. Suppose -b - 507 = -z, -3*b + 36 = -a*z + 1052. Suppose 4*l = 3*l + z. Is l a composite number?
True
Is ((-5)/20)/(6/(-143588)*12/360) composite?
True
Suppose 4*j - 3*a - 262458 = -16706, -j + 5*a + 61421 = 0. Is j prime?
True
Let b be (-3)/18 - 895538/(-84). Suppose 0 = -6*n + b + 5941. Is n a prime number?
True
Let w = -20 - -85. Let y = w - 55. Suppose -y*p = -4*p - 1230. Is p a composite number?
True
Suppose 2*a - 6 - 46 = 0. Let j = a - 14. Is 203 + 3*j/(-9) composite?
False
Let n(j) = -26*j**2 + 40*j - 48. Let z(f) = 26*f**2 - 41*f + 49. Let y(p) = -6*n(p) - 5*z(p). Is y(20) a prime number?
True
Let k(q) = q + q - q + 56 - 4*q. Let b be k(20). Is ((-3772)/1)/b*1 composite?
True
Suppose -4*a = -5*c - 17, -3*c = -4*a + c + 16. Suppose -7642 = -a*u + 34385. Is u a prime number?
True
Let j(w) = 57*w - 17. Let u be j(4). Let f = u - 114. Is f prime?
True
Let v be -4 + (11 - 11) + 12392*5. Suppose -59*l = -18343 - v. Is l a prime number?
True
Let w(j) = -9 + 7 + 5*j**2 + 8*j - 9 - j**3. Let g be w(6). Is (g + 11)*746/8 prime?
False
Suppose 2*a + 22937355 = 55*a + 10*a. Is a a composite number?
True
Let v = -4162 + 19322. Suppose 4*q = 3*i + v, 4*q - 15176 = -3*i + 2*i. Is q composite?
False
Is ((-3264226)/(-5))/((-548)/(-1370)) a composite number?
True
Suppose -5*i - 7*i = 0. Suppose -4*c - 641 = -3*h, 3*h - 2*c = -i*c + 637. Is h a composite number?
False
Let o be (-7 - -313) + (-1)/(-1) + 1. Suppose 7*s + 4*d - 1152 = 3*s, -3*d = -s + o. Is s composite?
False
Let a(z) = 13*z**2 - 87*z - 31. Let m = 465 - 503. Is a(m) a composite number?
True
Suppose 6*j + 33 = -5*j. Is 3 + j/((-3)/7336) prime?
False
Let l(z) = -12804*z - 443. Is l(-5) composite?
False
Let q(l) = -8*l**3 - 29*l**2 - 10*l + 207. Is q(-20) prime?
True
Suppose -2*w = -5*t - 244234, 3*t = -18*w + 19*w - 122120. Is w prime?
False
Is (-4259335)/(-8) + ((-630)/112)/(-45) prime?
True
Suppose 4*g - 259 + 219 = 0. Suppose -11*h + g*h = -2807. Is h prime?
False
Suppose 4961 = g + i, -3*g + 20488 = i + 5603. Let x = g - 1081. Let t = -1758 + x. Is t a prime number?
False
Suppose 3*v + 4*u - 30 = 0, 3*u = -2*u. Suppose 5*t + 5*y + y = 148, 75 = 3*t - y. Suppose -v*k + t*k = 11744. Is k prime?
False
Is (-3 - 921)*-4 - ((-50)/(-5))/2 prime?
True
Let i be 27/6 + (-12)/8. Suppose -i*b = -3*p + 2*p - 2, -5*b - 2 = -3*p. Is (-1)/b - 1438/(-4) a composite number?
False
Let o(z) = 7*z**2 + 9*z - 11. Suppose 0 = -5*c + 25, -75 = -3*h + c - 29. Let b(x) = -3*x + 40. Let m be b(h). Is o(m) a prime number?
False
Let l = -1059 - -4669. Suppose -s - l = -5*c, c - 2*s - 444 = 269. Is 1*(0 + -4 + c) prime?
True
Let c(p) = p**3 - 9*p**2 + 15*p - 4. Let o be c(7). Suppose -o*q = -6*q + 4629. Is q prime?
True
Let w be 575/46*12/75. Suppose k - 1 = 3. Suppose -k*i - 3*y + 15788 = y, w*i + y = 7896. Is i a composite number?
True
Let u(j) = -37*j**3 + 27*j - 57. Is u(-20) composite?
True
Suppose -1083177 = -5*o - 5*d - 85087, d - 798481 = -4*o. Is o a composite number?
False
Suppose 5*d - 8 = -2*r, 0 = 2*r + 4*d - 4. Is 1 + ((-344)/r - (-15)/(-45)) prime?
False
Suppose 0*c = 2*n + 2*c - 590, 4 = -4*c. Suppose -n = -5*a + 29. 